 4*f**2 + 4*f - 1062 - 2*f + 1057. Let h be 44/(-12) - 2/(-3). List the prime factors of y(h).
5
Suppose -4*l - 5*w = -5*l - 148, 3*l + 2*w = -512. Let m = -20 - l. Suppose 5*k - m + 18 = -2*j, -k - 5*j + 26 = 0. What are the prime factors of k?
2, 13
Suppose -3*d + 9 + 92 = -5*a, 2*d - 84 = -5*a. Let q = d + 7. What are the prime factors of q?
2, 11
Suppose -4*z - 5*q = -2, -2*q - 1 = -2*z - 9. What are the prime factors of 492/30*(-1 - (z + -4))?
2, 41
What are the prime factors of (22855/14)/(55/44)?
2, 653
Suppose q = 3*c + 5*q - 10, 0 = -5*c - 4*q + 6. Let l be 0 + c*(-21)/6. Suppose -l*d - 117 = -10*d. List the prime factors of d.
3, 13
Let t be ((-2)/4*-4)/(-2)*-471. Let i = -308 + t. What are the prime factors of i?
163
Suppose 22*v = 7046 + 7826. What are the prime factors of v?
2, 13
Let s be (-3 + 99/21)*7. Suppose 247 - s = 5*h + 3*p, h - 2*p - 60 = 0. Suppose 13*j - 8*j - h = 0. List the prime factors of j.
2, 5
Suppose 101*l - 105*l = -2*g + 2996, 0 = 5*g + 5*l - 7550. What are the prime factors of g?
2, 3, 251
Let u = -16 + 27. Let t = u + -8. Suppose 0 = -t*m + m + 82. What are the prime factors of m?
41
Suppose 0 = -2*r - 5*i + 95, 0 = 13*r - 17*r - i + 217. Suppose -5*q - 4*a + 116 = 0, -5*a - 8 - 21 = -q. Let y = r - q. List the prime factors of y.
31
Suppose -q + 6 = q. Suppose -2*l = q*c - 6*l - 144, 0 = 5*l. What are the prime factors of c?
2, 3
Let p = 492 - 396. List the prime factors of p.
2, 3
Let t(w) = w**3 + 23*w**2 + 4*w - 12. Let f be t(-9). What are the prime factors of (2/2)/((-2166)/f - -2)?
181
Suppose 3*h + 4*h = 35. Suppose 2*f - 5*d = -11, f - h*d + 25 = 6*f. List the prime factors of f.
2
Let r be (-27)/(-5)*(-6)/((-12)/10). List the prime factors of (r/2)/(1/2).
3
Let r(v) = 1. Let y(g) = -g**3 - 3*g**2 + 3*g - 3. Let w(j) = 3*r(j) + y(j). Let f be w(-6). Suppose n = 6*n - f. What are the prime factors of n?
2, 3
Let r(n) = -n + 1. Let m be r(1). Suppose -6*d + 829 - 277 = m. What are the prime factors of d?
2, 23
Let o = -45 - -25. What are the prime factors of 364/6 + o/30?
2, 3, 5
Suppose -16280 = -111*z + 74*z. List the prime factors of z.
2, 5, 11
Suppose -5*b = -3*r - 2215 - 67, -5*r - 928 = -2*b. What are the prime factors of b?
2, 227
Let f(i) = -2*i + 2. Let b be (-10)/4*2/(-5). Let h be f(b). Suppose -m + 6 = -h. List the prime factors of m.
2, 3
Let z(n) = n**2 + 27*n + 29. List the prime factors of z(15).
659
Suppose 2*w - 94 = 5*w - u, w + 5*u = -58. Let a = w + 23. List the prime factors of (-8)/a*580/8.
2, 29
What are the prime factors of 3241 - 3/(2 + 7/(-5))?
2, 809
Let m(w) = -41*w**2 + w - 1. Let s be m(1). Let l = 81 + s. Suppose l = -r + 5*r. What are the prime factors of r?
2, 5
Let b = -730 + 1076. What are the prime factors of b?
2, 173
Suppose -3*w + 57 = -5*v, 5*v = -w + 5*w - 81. Let h = -11 + w. List the prime factors of h.
13
Suppose i - 93 = -b, 365 = -i + 5*i - 3*b. Suppose 0 = 39*w - 41*w + i. What are the prime factors of w?
2, 23
Suppose 3 = 2*t - 13. Suppose 2*z + t = -0*z. What are the prime factors of 46 + z/4 - -4?
7
Let q(r) = -2*r**2 + 4*r - 3. Let x(a) = 1. Let g(w) = -q(w) - 2*x(w). Let i = -6 - -10. What are the prime factors of g(i)?
17
Suppose -8*a + 15 + 1 = 0. Let r = 18 + a. What are the prime factors of r?
2, 5
Let y(m) = -m - 21. Let d be y(-14). Let u = -5 - d. What are the prime factors of u?
2
Let x(y) = 88*y**2 - y. Suppose 2*k - 11 = 3*b, -4*b - 13 = -7*b - 4*k. List the prime factors of x(b).
89
Let g(j) = 13*j + 135. What are the prime factors of g(20)?
5, 79
Let f(q) = -42*q + 827. What are the prime factors of f(0)?
827
Let a = -12953 - -18475. What are the prime factors of a?
2, 11, 251
Suppose 0 = 11*r - 4484 + 656. List the prime factors of r.
2, 3, 29
Let j(l) = l - 4*l + 111*l**2 + l. Let a be j(-2). List the prime factors of a/21 - 2/6.
3, 7
Suppose -4*r = 7*r - 539. Suppose r + 51 = a. What are the prime factors of a?
2, 5
Suppose -4*l - 2*n = -1976, 2470 = -10*l + 15*l - 4*n. What are the prime factors of l?
2, 13, 19
Let d(v) = -v**3 + v**2 - v + 7. Let m be d(0). Let n = m - 10. Let y = 11 - n. What are the prime factors of y?
2, 7
Let h(r) = 6*r + 4. Let s be h(-2). Let u be ((-1)/2)/(s/688). Let t = u + -30. What are the prime factors of t?
13
Suppose 3*w = -2*n, 0*n = -4*n + 2*w. Suppose 2*c = -2*o + 32, 3*o - o - c - 23 = n. Let d = 50 + o. What are the prime factors of d?
3, 7
Suppose -10*q + 40479 = -7841. List the prime factors of q.
2, 151
Let g(t) = -28 + 12 + 15 - 13*t. List the prime factors of g(-6).
7, 11
Suppose 5*j = -5, -3*j = -r - 3*r + 339. What are the prime factors of (-56)/r - 70/12*-26?
151
Let c = 1912 - 1303. List the prime factors of c.
3, 7, 29
Suppose 0 = 34*m - 28*m - 96. Suppose 4*a + 0*a - m = 0. List the prime factors of a.
2
Suppose 4*k - 6695 = -5*j, 2706 = 2*j - 4*k - 0*k. What are the prime factors of j?
17, 79
Let t(w) = -w**3 - 8*w**2 + 11. Let d be t(-6). Let s = d - -118. List the prime factors of s.
3, 19
Let z(f) = -30*f - 10. Let i be z(-7). Suppose 3*s = -56 + i. List the prime factors of s.
2, 3
Let u = 48 - 44. Suppose 4*k = u*r + 5*k - 873, -441 = -2*r + k. List the prime factors of r.
3, 73
Suppose 0 = -392*l + 391*l + 62. List the prime factors of l.
2, 31
Let u(s) = 7*s**2. Let b be u(1). Let i(f) be the first derivative of -f**3/3 + 11*f**2/2 - 10*f + 9. List the prime factors of i(b).
2, 3
Let u = 506 - 190. What are the prime factors of u?
2, 79
Suppose 2*d = 5*d + 15. Let g = d - -6. List the prime factors of (72/(-45))/(g/(-5)).
2
Let u = -106 - -195. Suppose 0 = -4*m - 29 + u. Suppose m = 16*n - 11*n. What are the prime factors of n?
3
Suppose -3*b = -5*x + 2219, 4*b = 7*b + 9. List the prime factors of x.
2, 13, 17
Suppose -171 + 620 = 2*s - l, -3*s - 2*l + 677 = 0. Let u = s + -146. List the prime factors of u.
79
Let h(l) = -l + 14. Let m be h(7). Suppose 4*s - 23 = 5*p + 1, -s - 2*p = m. Let w(d) = 49*d - 2. List the prime factors of w(s).
47
Suppose -3*m - 3*s = -11271, 0 = 15*m - 11*m + 3*s - 15028. List the prime factors of m.
13, 17
Suppose 0 = -x - 10*x + 8800. Suppose 5*r - x = 2*j - 6*j, 0 = -4*j. List the prime factors of r.
2, 5
Let w(m) = 13*m**3 + m**2 - m. Let a be w(1). Suppose 475 = 18*j - a*j. Suppose g + 170 = 3*y, 4*g - 177 = -5*y + j. What are the prime factors of y?
2, 7
Let a be 2/(-7) + 2/7 + 4. Let c = -2 - -5. Suppose 5 = a*g - c. What are the prime factors of g?
2
List the prime factors of (-25)/(-125) - (-4204)/(-5)*-1.
29
Let u(b) be the first derivative of -b**3/6 + 2*b**2 + 4*b - 3. Let v(n) be the first derivative of u(n). List the prime factors of v(-6).
2, 5
Let g = -288 + 358. List the prime factors of g.
2, 5, 7
Let x(i) = 6*i**2 + 7*i**2 - i + i**2 - 5*i**2. Suppose -r + 2*o + 6 = -0*r, o = r - 4. List the prime factors of x(r).
2, 17
Let a = -7 - -12. Suppose a*d - 215 = 160. Suppose 3*v - d = -0*v. List the prime factors of v.
5
Let j(a) = 9*a**3 + 3*a**2 - 3*a + 1. Let g be j(-4). Let l = -275 - g. Suppose w = -3*w + l. What are the prime factors of w?
2, 3, 5
Let c = 11 + -10. Let f be (5 - -1) + c*-3. Suppose -4 = v, 0 = f*t + 4*v - 3*v - 98. What are the prime factors of t?
2, 17
Let s(v) = 6*v**2 + 6*v + 29. List the prime factors of s(-8).
5, 73
Let n be 3*3/(-9) + 166. Let m be 72/30 - (-6)/(-15). Suppose 5*l - 150 = -0*q + m*q, 5*l = 5*q + n. List the prime factors of l.
2, 7
Let o(i) = i**3 + i - 1. Let r be o(-3). Let g = 182 + -129. Let n = g + r. List the prime factors of n.
2, 11
Suppose -2*d + a + 320 = -467, 3*d = -2*a + 1198. What are the prime factors of d?
2, 3, 11
Let m = 2479 + -1042. What are the prime factors of m?
3, 479
What are the prime factors of ((2 - 1)*549)/1?
3, 61
What are the prime factors of ((-1148)/70)/(2/(-95))?
19, 41
Let l(v) = 6*v + 1. Let r be l(3). Let x = r + -4. What are the prime factors of x?
3, 5
Suppose -5*g = h - 8871, -4*g = -2*h + 4*h - 7092. List the prime factors of g.
5, 71
Let f(j) = j**2 - 4*j - 2. Let z be f(5). Suppose -z*p - p - 36 = 4*c, -2*p = -4*c - 42. What are the prime factors of (-242)/c - (-4)/5?
5
Let h(n) = 1 - 11 - n + 3. Let q be h(-10). Suppose -4*j + 18 = l, q*j + 24 = 8*j + 2*l. List the prime factors of j.
2
Suppose -2*r - 4 = 4*q, 7*r + 5*q = 2*r. Suppose 0 = r*h 